d.
12
Let i be ((3 - -1) + -3)*2. Let t(p) = 4*p - 1. Let h be t(i). What is the greatest common divisor of h and 35?
7
Let r(k) = 15*k + 52. Let q be r(-4). Let j(x) = -x**2 + 5*x - 2. Let l be j(3). Let u be l*-11*6/q. What is the greatest common factor of u and 3?
3
Let q = 6 - 4. Suppose 0 = -u + 9 - 3. What is the greatest common factor of q and u?
2
Let t = -395 + 719. Suppose -v = -5*h + t, h - 5*v + 44 = 2*h. What is the highest common factor of 8 and h?
8
Let p be -1*1 + 370 + -41 + 40. What is the highest common factor of 16 and p?
16
Suppose -102 = r - 3*r - 3*j, 5*r = 4*j + 209. What is the greatest common divisor of r and 5?
5
Let l = 2 + 1. Suppose 68 = l*r + r - 4*x, -r + 5*x = -21. Calculate the greatest common factor of 8 and r.
8
Let u(g) = 8*g - 42. Let a be u(9). What is the highest common divisor of 30 and a?
30
Let z(q) = q**3 - 2*q**2 + 6*q. Let m be z(5). Let h(r) = -r**2 - 10*r - 1. Let c be h(-8). Calculate the greatest common divisor of c and m.
15
Suppose 5*g = -75 + 210. Calculate the greatest common divisor of 27 and g.
27
Let o(t) = t**2 + 8*t + 5. Let f be o(-7). Let q(w) = -5*w**2 + 5*w**2 + 2*w**2 + 2*w**2 - 2. Let y be q(f). What is the greatest common divisor of y and 14?
14
Suppose 136 + 26 = 3*h. What is the greatest common factor of 135 and h?
27
Suppose -4*m - 2*p = 3*p - 15, 3 = -3*p. Suppose 2*b - 6*b - 34 = -m*f, f = -b + 5. Calculate the greatest common divisor of 9 and f.
3
Suppose 13 = -3*v + 2*v. Suppose 0 = u - 2*u - z + 38, 3*z = 2*u - 101. Let g = u + v. Calculate the greatest common divisor of 12 and g.
6
Let h(z) = z**2 - 12*z + 4. Let r be h(6). Let w = r - -77. Let c(p) = 2*p**2 + p + 2. Let s be c(-4). What is the highest common factor of w and s?
15
Suppose -b + 13 = 5*d - 3, 3*b + 12 = 0. Suppose -d*f + 3*j = 5*j - 398, -j - 494 = -5*f. Calculate the greatest common factor of f and 11.
11
Suppose -3*d = 39 - 3. Let m = 26 + d. What is the greatest common divisor of m and 56?
14
Suppose 0 = -2*m - 6*j + j + 141, -3*j = -3. Calculate the greatest common divisor of m and 102.
34
Suppose 2*j - 52 = -4*m, -75 = -5*m - 4*j - j. Suppose -m + 2 = -3*v. Suppose -4*u + 5 = -3*u, -s + 28 = v*u. Calculate the greatest common factor of s and 143.
13
Suppose -4*q + 2 = -2*b, -3*q = -2*q + 5*b + 5. Suppose q*a + 12 = 3*a. Calculate the greatest common factor of a and 12.
4
Let f be 216/(-14)*28/(-6). Calculate the greatest common divisor of f and 9.
9
Let i = 7 - 13. Let p(h) = 2*h**2 - 10 + 3*h + 3 - h**2. Let m be p(i). Calculate the highest common factor of 11 and m.
11
Let u(q) = -q**2 + 7*q + 11. Let z be u(8). Suppose 0 = z*b - l - 1, -4*b + 4*l = -2*b + 16. Let a = b - -9. Calculate the highest common factor of a and 22.
11
Let a(b) = 2*b**2 - 3*b + 1. Let s be ((-50)/(-6))/((-1)/3). Let r be s/(-9) - (-2)/9. Let h be a(r). Calculate the highest common divisor of h and 4.
2
Suppose -o + h + 4 = 0, 2*h + 1 = 3*h. Suppose s + 484 = o*s. What is the highest common divisor of 11 and s?
11
Suppose -8*n + 1772 + 148 = 0. Let z be (7 - 1)*(-15)/(-3). What is the greatest common factor of n and z?
30
Suppose 4*p = -6*p + 450. What is the highest common divisor of p and 5?
5
Let u = 12 - 11. Let g(f) = 13*f**2 - 2*f + 2. Let l be g(u). Calculate the highest common factor of l and 39.
13
Suppose 3*c + 2*c + 45 = 0. Let j = c + 89. Let m = 24 - 8. What is the greatest common factor of m and j?
16
Suppose -17 + 49 = 4*x. What is the highest common factor of 88 and x?
8
Suppose 14 + 22 = 3*s. Suppose -2*w - s = -2*u + 2, -4*w = 4*u - 12. Let d = 0 - w. What is the greatest common factor of d and 5?
1
Let z be ((-8)/10)/((-5)/50). Calculate the greatest common factor of z and 4.
4
Let g = -11 - -16. Let f be 0 - (-5)/(g/3). Calculate the highest common divisor of f and 3.
3
Let n = -303 + 122. Let z = -97 - n. What is the highest common divisor of z and 12?
12
Let j be ((-4)/12)/(2/(-666)). Let q = -13 + j. Let u = 38 + -24. What is the highest common factor of u and q?
14
Let p = -4 - -3. Let h be (p + -1)/(5/(-10)). Suppose 3*l + 0 = 12. Calculate the greatest common divisor of h and l.
4
Let d = 11 - 7. Suppose -13 + 37 = 6*a. What is the greatest common divisor of d and a?
4
Let m be 169 + 1 + 3 - -3. What is the highest common divisor of 16 and m?
16
Let o be 1126/10 + (-2)/(-5). Suppose -o = -3*c + 118. Suppose 3*p - 2*r - 19 = 0, 4*p - 3*p + 2*r = 9. Calculate the greatest common divisor of c and p.
7
Let x = -7 - -15. Let m be (-3 + 1)*(-76)/x. What is the greatest common divisor of 19 and m?
19
Suppose -4*w - 44 = -4*t - 0*t, -23 = -2*t + 3*w. Let r(k) = -2*k. Let o be r(-1). Calculate the highest common factor of t and o.
2
Let c be 36 + (-6)/3 + -1. Suppose -3 = v - c. What is the greatest common divisor of v and 120?
30
Suppose 3*x - x = -4*w + 896, -5*x = -4*w + 896. What is the highest common divisor of 32 and w?
32
Suppose 10*d - 70 = 5*d. Calculate the greatest common factor of d and 14.
14
Let k = -34 - -54. Let z = -2 + 2. Suppose -4*u + 32 = 3*s - z*u, s - u = 6. What is the highest common factor of s and k?
4
Let o be (-5)/((102/36)/(-17)). What is the greatest common factor of o and 30?
30
Let u = 8 + -6. Suppose 3*b - 65 = -u*b + 5*y, 2*b = 5*y + 32. What is the greatest common factor of 55 and b?
11
Let t = 17 + -1. What is the greatest common divisor of 2 and t?
2
Let r = -10 + 16. Suppose 2*m + 40 = r*m. Calculate the greatest common divisor of 5 and m.
5
Suppose 4 - 31 = -3*t - 3*a, 5*a = -3*t + 33. Suppose -s - t = -2*s. Let o be ((-100)/(-6))/(4/s). Calculate the highest common factor of o and 5.
5
Let u(p) be the third derivative of -3*p**4/4 + 5*p**3/6 - p**2. Let h be u(-4). Calculate the greatest common divisor of h and 11.
11
Suppose 12 = -2*f + 26. Calculate the greatest common divisor of f and 1.
1
Let w(q) = -q**3 - 3*q**2 - 5*q - 1. Let m be w(-4). Suppose -2*i + 5 = -5. Suppose i = 2*x - x. Calculate the greatest common factor of m and x.
5
Let z = 0 - -2. Suppose -5*s - 5 = 5*l, -5*s + 7 = -l + 3*l. Calculate the greatest common divisor of z and s.
1
Suppose -15 = -s - 48. Let w be 32/(-6)*s/2. What is the highest common divisor of 8 and w?
8
Let s = -16 + 30. Suppose 0 = -a + 2*h + 16, -5*h = a + 5 - s. Let t be a/3*(-72)/(-28). What is the highest common factor of t and 12?
12
Let i = 135 + -125. Calculate the greatest common divisor of 190 and i.
10
Let v(i) = 31*i - 65. Let h be v(5). Calculate the greatest common divisor of 225 and h.
45
Let i(q) = q**2 - 6*q + 7. Let n = 2 + 3. Suppose -n = -w - 0*w. Let a be i(w). What is the greatest common divisor of 16 and a?
2
Let d(l) = -l**2 + 2. Let u be d(0). What is the highest common divisor of u and 22?
2
Let k = 87 + -59. Let f(l) = -2 + 0 + 3 + 3*l**2. Let z be f(-1). What is the highest common factor of k and z?
4
Suppose -w + 93 = -0*w. Suppose -209 - w = -5*x - p, -4*x = 2*p - 244. What is the greatest common divisor of 24 and x?
12
Let m = 142 + -47. What is the highest common divisor of m and 19?
19
Suppose 2*o - 5*o = 2*j - 24, -29 = -2*o + 3*j. Let b = 38 + -18. What is the greatest common divisor of b and o?
10
Let u be -59*1/(-1) + 5. What is the highest common divisor of u and 160?
32
Suppose 2*m + 7 = 5*w, 3*w = 3*m - 10 - 2. Suppose 27 + 27 = -2*f. Let d be (8/(-12))/(2/f). Calculate the greatest common divisor of d and m.
9
Suppose -3 - 5 = -4*x. Let y be x*((-6)/4 + 3). Suppose 2 - 23 = -y*n. What is the greatest common factor of 14 and n?
7
Let o be 6/21 + (-141)/(-21). Suppose 0 = -9*f + o*f + 16. Calculate the greatest common factor of 12 and f.
4
Let z be 165/3 + (-9 - -8). What is the greatest common factor of z and 36?
18
Let g = 2 + 1. Let r(s) = -22*s - 130. Let k be r(-6). What is the greatest common divisor of g and k?
1
Suppose h - 2*b - 18 = -3*h, -4*b = 2*h + 6. Suppose h*x - 62 = 5*j, 2*x + 0*x + 2*j - 52 = 0. What is the highest common divisor of 60 and x?
12
Let i(v) = 5*v**2 - 3 + 3*v + 0 - v**3 + 2 - 1. Let q be i(4). Calculate the highest common factor of 182 and q.
26
Let f(w) = -4*w**3 - 5*w**2 - 8*w - 9. Let r be f(-3). Suppose 0 = 5*d - 117 - 13. What is the greatest common divisor of d and r?
26
Suppose 20 = -z + 50. Suppose 0 = -2*g + g + 3*b + 30, -b + z = g. Suppose -17 - 